{"id":33,"date":"2025-03-12T12:50:03","date_gmt":"2025-03-12T15:50:03","guid":{"rendered":"http:\/\/37.27.5.203\/energy\/?page_id=33"},"modified":"2025-03-12T12:50:09","modified_gmt":"2025-03-12T15:50:09","slug":"services","status":"publish","type":"page","link":"http:\/\/37.27.5.203\/energy\/services\/","title":{"rendered":"Services"},"content":{"rendered":"\n<div class=\"wp-block-uagb-container uagb-block-cd2bf25d alignfull uagb-is-root-container\"><div class=\"uagb-container-inner-blocks-wrap\">\n<div class=\"wp-block-uagb-advanced-heading uagb-block-26b518ac\"><p class=\"uagb-desc-text\">Nuestros Servicios<\/p><h1 class=\"uagb-heading-text\">Suplementos para tu salud y bienestar<\/h1><\/div>\n<\/div><\/div>\n\n\n\n<div class=\"wp-block-uagb-container uagb-block-bfbde338 alignfull uagb-is-root-container\"><div class=\"uagb-container-inner-blocks-wrap\">\n<div class=\"wp-block-uagb-container uagb-layout-grid uagb-block-7b2f38d6\">\n<div class=\"wp-block-uagb-image uagb-block-31236d45 wp-block-uagb-image--layout-default wp-block-uagb-image--effect-static wp-block-uagb-image--align-none\"><figure class=\"wp-block-uagb-image__figure\"><img decoding=\"async\" srcset=\"http:\/\/37.27.5.203\/energy\/wp-content\/uploads\/2025\/03\/estress-y-deporte-768x555-1.jpg ,http:\/\/37.27.5.203\/energy\/wp-content\/uploads\/2025\/03\/estress-y-deporte-768x555-1.jpg 780w, http:\/\/37.27.5.203\/energy\/wp-content\/uploads\/2025\/03\/estress-y-deporte-768x555-1.jpg 360w\" sizes=\"auto, (max-width: 480px) 150px\" src=\"http:\/\/37.27.5.203\/energy\/wp-content\/uploads\/2025\/03\/estress-y-deporte-768x555-1.jpg\" alt=\"\" class=\"uag-image-7\" width=\"430\" height=\"400\" title=\"services-01\" loading=\"lazy\" role=\"img\"\/><\/figure><\/div>\n\n\n\n<div class=\"wp-block-uagb-container uagb-block-928a747a\">\n<div class=\"wp-block-uagb-info-box uagb-block-5cee2c08 uagb-infobox__content-wrap  uagb-infobox-icon-above-title uagb-infobox-image-valign-top\"><div class=\"uagb-ifb-content\"><div class=\"uagb-ifb-title-wrap\"><h2 class=\"uagb-ifb-title-prefix\">01<\/h2><h3 class=\"uagb-ifb-title\">Nutrici\u00f3n Deportiva<\/h3><\/div><p class=\"uagb-ifb-desc\">Ofrecemos una l\u00ednea de productos espec\u00edficos para nutrici\u00f3n deportiva que incluye prote\u00ednas, amino\u00e1cidos y energizantes. Estos suplementos ayudan a los atletas y aficionados a alcanzar sus metas de rendimiento, optimizando su entrenamiento y recuperaci\u00f3n, lo que se traduce en resultados visibles y sostenibles.<\/p><\/div><\/div>\n<\/div>\n<\/div>\n\n\n\n<div class=\"wp-block-uagb-container uagb-layout-grid uagb-block-24328522\">\n<div class=\"wp-block-uagb-container uagb-block-a52d84c5\">\n<div class=\"wp-block-uagb-info-box uagb-block-7c50d344 uagb-infobox__content-wrap  uagb-infobox-icon-above-title uagb-infobox-image-valign-top\"><div class=\"uagb-ifb-content\"><div class=\"uagb-ifb-title-wrap\"><h2 class=\"uagb-ifb-title-prefix\">02<\/h2><h3 class=\"uagb-ifb-title\">Salud&amp; Bienestar<\/h3><\/div><p class=\"uagb-ifb-desc\">Nuestra gama de productos para la salud y bienestar incluye vitaminas, minerales y extractos naturales. Estos suplementos son ideales para la prevenci\u00f3n de enfermedades y la mejora del bienestar general. Son recomendados para todas las edades, ayudando a mantener un estilo de vida equilibrado y saludable.<\/p><\/div><\/div>\n<\/div>\n\n\n\n<div class=\"wp-block-uagb-image uagb-block-fd50ef9c wp-block-uagb-image--layout-default wp-block-uagb-image--effect-static wp-block-uagb-image--align-none\"><figure class=\"wp-block-uagb-image__figure\"><img decoding=\"async\" srcset=\"http:\/\/37.27.5.203\/energy\/wp-content\/uploads\/2025\/03\/deporte-y-colesterol-768x555-1.jpg ,http:\/\/37.27.5.203\/energy\/wp-content\/uploads\/2025\/03\/deporte-y-colesterol-768x555-1.jpg 780w, http:\/\/37.27.5.203\/energy\/wp-content\/uploads\/2025\/03\/deporte-y-colesterol-768x555-1.jpg 360w\" sizes=\"auto, (max-width: 480px) 150px\" src=\"http:\/\/37.27.5.203\/energy\/wp-content\/uploads\/2025\/03\/deporte-y-colesterol-768x555-1.jpg\" alt=\"\" class=\"uag-image-8\" width=\"430\" height=\"400\" title=\"services-02\" loading=\"lazy\" role=\"img\"\/><\/figure><\/div>\n<\/div>\n\n\n\n<div class=\"wp-block-uagb-container uagb-layout-grid uagb-block-b1152c5b\">\n<div class=\"wp-block-uagb-image uagb-block-fa1428a5 wp-block-uagb-image--layout-default wp-block-uagb-image--effect-static wp-block-uagb-image--align-none\"><figure class=\"wp-block-uagb-image__figure\"><img decoding=\"async\" srcset=\"http:\/\/37.27.5.203\/energy\/wp-content\/uploads\/2025\/03\/dolor-post-muscular-768x555-1.jpg ,http:\/\/37.27.5.203\/energy\/wp-content\/uploads\/2025\/03\/dolor-post-muscular-768x555-1.jpg 780w, http:\/\/37.27.5.203\/energy\/wp-content\/uploads\/2025\/03\/dolor-post-muscular-768x555-1.jpg 360w\" sizes=\"auto, (max-width: 480px) 150px\" src=\"http:\/\/37.27.5.203\/energy\/wp-content\/uploads\/2025\/03\/dolor-post-muscular-768x555-1.jpg\" alt=\"\" class=\"uag-image-9\" width=\"430\" height=\"400\" title=\"services-03\" loading=\"lazy\" role=\"img\"\/><\/figure><\/div>\n\n\n\n<div class=\"wp-block-uagb-container uagb-block-ac38472a\">\n<div class=\"wp-block-uagb-info-box uagb-block-7266dcd1 uagb-infobox__content-wrap  uagb-infobox-icon-above-title uagb-infobox-image-valign-top\"><div class=\"uagb-ifb-content\"><div class=\"uagb-ifb-title-wrap\"><h2 class=\"uagb-ifb-title-prefix\">03<\/h2><h3 class=\"uagb-ifb-title\">Nutricosm\u00e9tica<\/h3><\/div><p class=\"uagb-ifb-desc\">La nutricosm\u00e9tica que ofrecemos se enfoca en la belleza y el cuidado personal. Nuestros productos est\u00e1n formulados para nutrir la piel, el cabello y las u\u00f1as desde el interior. Con ingredientes naturales, ayudan a mejorar la apariencia y salud de tu f\u00edsico de manera efectiva y sostenible.<\/p><\/div><\/div>\n<\/div>\n<\/div>\n\n\n\n<div class=\"wp-block-uagb-container uagb-layout-grid uagb-block-053eb305\">\n<div class=\"wp-block-uagb-container uagb-block-8abd9bda\">\n<div class=\"wp-block-uagb-info-box uagb-block-094b2059 uagb-infobox__content-wrap  uagb-infobox-icon-above-title uagb-infobox-image-valign-top\"><div class=\"uagb-ifb-content\"><div class=\"uagb-ifb-title-wrap\"><h2 class=\"uagb-ifb-title-prefix\">04<\/h2><h3 class=\"uagb-ifb-title\">Superalimentos<\/h3><\/div><p class=\"uagb-ifb-desc\">Los superalimentos que ofrecemos son ingredientes ricos en nutrientes, ideales para complementar tu dieta diaria. Estos productos aportan vitaminas, minerales y antioxidantes que potencian tu salud y bienestar general. Al incluir superalimentos en tu alimentaci\u00f3n, puedes mejorar tus niveles de energ\u00eda y fortalecer tu sistema inmunol\u00f3gico.<\/p><\/div><\/div>\n<\/div>\n\n\n\n<div class=\"wp-block-uagb-image uagb-block-e829ce47 wp-block-uagb-image--layout-default wp-block-uagb-image--effect-static wp-block-uagb-image--align-none\"><figure class=\"wp-block-uagb-image__figure\"><img decoding=\"async\" srcset=\"http:\/\/37.27.5.203\/energy\/wp-content\/uploads\/2025\/03\/vitamina-d3-768x555-1.jpg ,http:\/\/37.27.5.203\/energy\/wp-content\/uploads\/2025\/03\/vitamina-d3-768x555-1.jpg 780w, http:\/\/37.27.5.203\/energy\/wp-content\/uploads\/2025\/03\/vitamina-d3-768x555-1.jpg 360w\" sizes=\"auto, (max-width: 480px) 150px\" src=\"http:\/\/37.27.5.203\/energy\/wp-content\/uploads\/2025\/03\/vitamina-d3-768x555-1.jpg\" alt=\"\" class=\"uag-image-5\" width=\"430\" height=\"400\" title=\"services-04\" loading=\"lazy\" role=\"img\"\/><\/figure><\/div>\n<\/div>\n<\/div><\/div>\n\n\n\n<div class=\"wp-block-uagb-container uagb-block-3ec55aa1 alignfull uagb-is-root-container\"><div class=\"uagb-container-inner-blocks-wrap\">\n<div class=\"wp-block-uagb-advanced-heading uagb-block-6c99ecb0\"><p class=\"uagb-desc-text\">C\u00f3mo Funciona<\/p><h2 class=\"uagb-heading-text\">Descubre nuestro proceso y beneficios<\/h2><\/div>\n\n\n\n<div class=\"wp-block-uagb-container uagb-layout-grid uagb-block-029f1971\">\n<div class=\"wp-block-uagb-image alignleft uagb-block-722b2568 wp-block-uagb-image--layout-default wp-block-uagb-image--effect-static wp-block-uagb-image--align-left\"><figure class=\"wp-block-uagb-image__figure\"><img decoding=\"async\" srcset=\"http:\/\/37.27.5.203\/energy\/wp-content\/uploads\/2025\/03\/adaptogenos-y-cortisol.jpg ,http:\/\/37.27.5.203\/energy\/wp-content\/uploads\/2025\/03\/adaptogenos-y-cortisol.jpg 780w, http:\/\/37.27.5.203\/energy\/wp-content\/uploads\/2025\/03\/adaptogenos-y-cortisol.jpg 360w\" sizes=\"auto, (max-width: 480px) 150px\" src=\"http:\/\/37.27.5.203\/energy\/wp-content\/uploads\/2025\/03\/adaptogenos-y-cortisol.jpg\" alt=\"\" class=\"uag-image-6\" width=\"550\" height=\"575\" title=\"how-it-works\" loading=\"lazy\" role=\"img\"\/><\/figure><\/div>\n\n\n\n<div class=\"wp-block-uagb-container uagb-block-c74537da\">\n<div class=\"wp-block-uagb-info-box uagb-block-b0ae75bf uagb-infobox__content-wrap  uagb-infobox-icon-above-title uagb-infobox-image-valign-top\"><div class=\"uagb-ifb-content\"><div class=\"uagb-ifb-title-wrap\"><span class=\"uagb-ifb-title-prefix\">Step 01<\/span><h3 class=\"uagb-ifb-title\">Elige Tu Producto<\/h3><\/div><p class=\"uagb-ifb-desc\">Navega por nuestra amplia gama y selecciona los suplementos que mejor se adaptan a tus necesidades particulares.<\/p><div class=\"uagb-ifb-separator\"><\/div><\/div><\/div>\n\n\n\n<div class=\"wp-block-uagb-info-box uagb-block-413a2fe7 uagb-infobox__content-wrap  uagb-infobox-icon-above-title uagb-infobox-image-valign-top\"><div class=\"uagb-ifb-content\"><div class=\"uagb-ifb-title-wrap\"><span class=\"uagb-ifb-title-prefix\">Step 02<\/span><h3 class=\"uagb-ifb-title\">Compra F\u00e1cilmente<\/h3><\/div><p class=\"uagb-ifb-desc\">Realiza tu pedido de manera r\u00e1pida y segura a trav\u00e9s de nuestra tienda online o visita nuestros puntos de venta.<\/p><div class=\"uagb-ifb-separator\"><\/div><\/div><\/div>\n\n\n\n<div class=\"wp-block-uagb-info-box uagb-block-459491ac uagb-infobox__content-wrap  uagb-infobox-icon-above-title uagb-infobox-image-valign-top\"><div class=\"uagb-ifb-content\"><div class=\"uagb-ifb-title-wrap\"><span class=\"uagb-ifb-title-prefix\">Step 03<\/span><h3 class=\"uagb-ifb-title\">Recibe y Disfruta<\/h3><\/div><p class=\"uagb-ifb-desc\">Recibe tus productos en la puerta de tu casa y comienza a disfrutar de los beneficios de nuestros suplementos.<\/p><\/div><\/div>\n<\/div>\n<\/div>\n<\/div><\/div>\n\n\n\n<div class=\"wp-block-uagb-container uagb-block-e48afbb0 alignfull uagb-is-root-container\"><div class=\"uagb-container-inner-blocks-wrap\">\n<div class=\"wp-block-uagb-info-box uagb-block-c1c19ed1 uagb-infobox__content-wrap  uagb-infobox-icon-above-title uagb-infobox-image-valign-top\"><div class=\"uagb-ifb-content\"><div class=\"uagb-ifb-title-wrap\"><h2 class=\"uagb-ifb-title\">QUIEN SE TRANSFORMA <br>A S\u00cd MISMO,<br>TRANSFORMA EL MUNDO<\/h2><\/div><p class=\"uagb-ifb-desc\">&#8211; Dalai Lama &#8211;<\/p><\/div><\/div>\n<\/div><\/div>\n","protected":false},"excerpt":{"rendered":"<p>Nuestros Servicios Suplementos para tu salud y bienestar C\u00f3mo Funciona Descubre nuestro proceso y beneficios<\/p>\n","protected":false},"author":1,"featured_media":0,"parent":0,"menu_order":0,"comment_status":"closed","ping_status":"closed","template":"","meta":{"_uag_custom_page_level_css":"","site-sidebar-layout":"default","site-content-layout":"","ast-site-content-layout":"","site-content-style":"default","site-sidebar-style":"default","ast-global-header-display":"","ast-banner-title-visibility":"","ast-main-header-display":"","ast-hfb-above-header-display":"","ast-hfb-below-header-display":"","ast-hfb-mobile-header-display":"","site-post-title":"disabled","ast-breadcrumbs-content":"","ast-featured-img":"","footer-sml-layout":"","theme-transparent-header-meta":"","adv-header-id-meta":"","stick-header-meta":"","header-above-stick-meta":"","header-main-stick-meta":"","header-below-stick-meta":"","astra-migrate-meta-layouts":"default","ast-page-background-enabled":"default","ast-page-background-meta":{"desktop":{"background-color":"var(--ast-global-color-4)","background-image":"","background-repeat":"repeat","background-position":"center center","background-size":"auto","background-attachment":"scroll","background-type":"","background-media":"","overlay-type":"","overlay-color":"","overlay-opacity":"","overlay-gradient":""},"tablet":{"background-color":"","background-image":"","background-repeat":"repeat","background-position":"center center","background-size":"auto","background-attachment":"scroll","background-type":"","background-media":"","overlay-type":"","overlay-color":"","overlay-opacity":"","overlay-gradient":""},"mobile":{"background-color":"","background-image":"","background-repeat":"repeat","background-position":"center center","background-size":"auto","background-attachment":"scroll","background-type":"","background-media":"","overlay-type":"","overlay-color":"","overlay-opacity":"","overlay-gradient":""}},"ast-content-background-meta":{"desktop":{"background-color":"var(--ast-global-color-5)","background-image":"","background-repeat":"repeat","background-position":"center center","background-size":"auto","background-attachment":"scroll","background-type":"","background-media":"","overlay-type":"","overlay-color":"","overlay-opacity":"","overlay-gradient":""},"tablet":{"background-color":"var(--ast-global-color-5)","background-image":"","background-repeat":"repeat","background-position":"center center","background-size":"auto","background-attachment":"scroll","background-type":"","background-media":"","overlay-type":"","overlay-color":"","overlay-opacity":"","overlay-gradient":""},"mobile":{"background-color":"var(--ast-global-color-5)","background-image":"","background-repeat":"repeat","background-position":"center center","background-size":"auto","background-attachment":"scroll","background-type":"","background-media":"","overlay-type":"","overlay-color":"","overlay-opacity":"","overlay-gradient":""}},"footnotes":""},"class_list":["post-33","page","type-page","status-publish","hentry"],"uagb_featured_image_src":{"full":false,"thumbnail":false,"medium":false,"medium_large":false,"large":false,"1536x1536":false,"2048x2048":false},"uagb_author_info":{"display_name":"energy","author_link":"http:\/\/37.27.5.203\/energy\/author\/energy\/"},"uagb_comment_info":0,"uagb_excerpt":"Nuestros Servicios Suplementos para tu salud y bienestar C\u00f3mo Funciona Descubre nuestro proceso y beneficios","_links":{"self":[{"href":"http:\/\/37.27.5.203\/energy\/wp-json\/wp\/v2\/pages\/33","targetHints":{"allow":["GET"]}}],"collection":[{"href":"http:\/\/37.27.5.203\/energy\/wp-json\/wp\/v2\/pages"}],"about":[{"href":"http:\/\/37.27.5.203\/energy\/wp-json\/wp\/v2\/types\/page"}],"author":[{"embeddable":true,"href":"http:\/\/37.27.5.203\/energy\/wp-json\/wp\/v2\/users\/1"}],"replies":[{"embeddable":true,"href":"http:\/\/37.27.5.203\/energy\/wp-json\/wp\/v2\/comments?post=33"}],"version-history":[{"count":2,"href":"http:\/\/37.27.5.203\/energy\/wp-json\/wp\/v2\/pages\/33\/revisions"}],"predecessor-version":[{"id":231,"href":"http:\/\/37.27.5.203\/energy\/wp-json\/wp\/v2\/pages\/33\/revisions\/231"}],"wp:attachment":[{"href":"http:\/\/37.27.5.203\/energy\/wp-json\/wp\/v2\/media?parent=33"}],"curies":[{"name":"wp","href":"https:\/\/api.w.org\/{rel}","templated":true}]}}